igit of s?
7
What is the tens digit of 0 - -12*(-6)/(-2)?
3
Let k be (-3)/(-1*3/(-10)). Let x(w) = w + 12. Let y be x(k). What is the units digit of (-15)/6*-2 + y?
7
Let j(r) = 5*r**2 + r + 1. What is the units digit of j(2)?
3
Suppose -7 = 4*h - 3. Let u be (0 - 0)/((-1)/h). Suppose -1 = -2*y + 1, u = -2*b + 3*y + 9. What is the units digit of b?
6
Suppose -175 = -3*b - 2*b. What is the tens digit of b?
3
Let n(x) = x**2. Let h be n(0). Suppose -1 - 14 = -3*k. Let t = k - h. What is the units digit of t?
5
Suppose -4*t + 1 = 2*o - 13, -2*o + t + 39 = 0. Suppose 0*x - 2*x = v - o, -5*x = -4*v + 29. What is the tens digit of v?
1
Suppose 5*d + 2*t - 61 = 6*t, 0 = 4*d + t - 32. What is the units digit of d?
9
Let z(p) = 2*p + p + 7 + 3*p. What is the tens digit of z(3)?
2
Suppose -5*s = -4*t + 29, -3*t = -5*s - 4*t - 24. Let z = 9 + s. What is the units digit of z?
4
Let b(p) = -p**3 + 6*p**2 + 8*p + 1. Let q be b(7). Suppose t = -t + q. Suppose -a - t = -8. What is the units digit of a?
4
Let q be 2 - (0 + (2 - 4)). Suppose d - 29 = -q*f, -4*d + 0*d = -20. What is the units digit of f?
6
Suppose 0*f = 3*f - 15. Suppose -4*i + t + 12 = 0, 2*t - 16 = i - 3*t. Suppose -u - f*d = 13, -i*u = -3*d - 0*d - 40. What is the units digit of u?
7
Suppose -3*k - 2*d + 25 = 0, 0 = -k + 6*d - 3*d + 12. Let o = k + -6. What is the units digit of o?
3
What is the tens digit of -3 + (-17)/(-5) - (-2656)/10?
6
Let l be 6/(-4) - (-3)/(-6). What is the units digit of -2 + (-30)/l - -1?
4
Let k = 105 - 37. What is the tens digit of k?
6
Suppose 3*t = 4*t. Let d = -6 - -9. Suppose d*x - 99 + 42 = t. What is the tens digit of x?
1
Suppose -4*s + 636 = 4*x, 5*x = x + 4*s + 636. What is the units digit of x?
9
Suppose 146 = 3*b + 17. What is the units digit of b?
3
Suppose -4*o + 194 = 2*z, -5*o + 205 = -0*o - 5*z. What is the tens digit of o?
4
Suppose -13*d + 17*d - 232 = 0. What is the tens digit of d?
5
Let p be (-12)/10*(-60)/8. Suppose 2*x = -x + p. Suppose 4*j + u - 12 = 0, x*u + 24 = j - 2*u. What is the units digit of j?
4
Suppose n = -5*x - 15, x = -0*n + 3*n - 19. Suppose -n*p = u - 0*u - 61, 2*p = 5*u + 46. Let k = 22 - p. What is the units digit of k?
9
Let k(c) = c**2 + 4*c - 7. Let w(x) = -x**3 + 11*x**2 - 10*x - 6. Let a be w(10). What is the units digit of k(a)?
5
Let r be 20/2*6/(-4). Suppose -2*t = -w - 15, -2*w - 9 - 11 = -3*t. What is the units digit of (-63)/r + (-2)/t?
4
Suppose 36 = 2*x - 6. Let z = x - -23. What is the tens digit of z?
4
Let m = 191 + 84. What is the units digit of m?
5
Let d = -1 - -5. Let z = d - 2. What is the units digit of 2 + (2 + -2)/z?
2
Suppose q - 4*y + 16 = 0, -4*q - 3*y = -0*q - 12. Suppose c + s = q, 0*c - 4*s - 1 = 3*c. What is the units digit of c?
1
Let y = 5 - 1. Suppose -i + 6*j - 6 = j, 0 = y*j. What is the units digit of 6/3 - i - 2?
6
Let o = -250 - -392. Let q = o - 90. Suppose q = 5*r - y, -4*y - 10 = -r - r. What is the tens digit of r?
1
Suppose 4*n = 2*r + 78, -3*n = -7*n + 4*r + 84. Let o = 4 + n. What is the tens digit of o?
2
Suppose -2*l = -l - 5. Suppose 2*k = k + l. What is the units digit of (k/(-2) + 2)*-16?
8
Suppose 6*x - 615 = x. What is the units digit of x?
3
Suppose 5*p = 32 + 28. Let j = -8 + p. Suppose -j = 2*h - 22. What is the units digit of h?
9
Let k = -11 - -7. Let h(b) = b**3 + 4*b**2 + 1. Let z be h(-3). Let y = k + z. What is the units digit of y?
6
Suppose 5*h - 41 + 16 = 0. Suppose h*f = p - 8, 4*f = -p + 6*f + 2. What is the units digit of 8 - (-1 - p) - -2?
9
What is the tens digit of ((-8)/(-2) - -48) + 0?
5
Suppose -9*b + 8*b + 122 = 0. What is the units digit of b?
2
Let v(z) = 18*z - 3. Let g be v(-3). Let i = g + 88. Suppose -5*b + 4*f = -i, -4*f + 6 = b - 5. What is the units digit of b?
7
Let u = -89 - -104. What is the units digit of u?
5
Suppose 2*v - 11 = 33. What is the tens digit of v?
2
Let c(b) = b - 3 + b + b**2 + 2*b. Let o be c(-4). What is the units digit of 3*(-1)/(3/o)?
3
Let k(x) = -8*x**3 + x**2 - x - 1. Let r = -5 - -4. What is the units digit of k(r)?
9
Let r = -17 - -28. Suppose -4*d = -1 - r. Suppose -3*s + 30 = -d*b, 2*b + 20 + 7 = 3*s. What is the units digit of s?
7
Suppose u - 26 + 6 = 4*m, m = 3*u - 104. What is the tens digit of u?
3
Let k = -146 + 496. What is the hundreds digit of k?
3
Suppose 2*a + 15 = 737. What is the units digit of a?
1
Suppose 3*o - 2 = 2*o. Suppose o*j = 19 + 31. What is the tens digit of j?
2
Suppose 2*g + 9 = g. What is the units digit of (40/(-6))/(6/g)?
0
Suppose -142*r - 278 = -143*r. What is the tens digit of r?
7
Let v = 174 + -73. What is the hundreds digit of v?
1
Let b = 5 + 7. Suppose 0 = -2*j + 5*c + 9, b = j + 2*c + 3*c. What is the units digit of j?
7
Suppose -3*i = -73 - 62. What is the tens digit of i?
4
Suppose 0*a + 2 = 3*c + a, 4*a - 8 = 5*c. Suppose 2*h + 2*h = c. Suppose -5*o + 24 + 11 = h. What is the units digit of o?
7
Suppose -2 = 3*a - 3*u + 4, 0 = 5*a + 4*u - 26. Suppose 0 = 7*q - a*q - 70. What is the tens digit of q?
1
Let d = 69 - 45. What is the tens digit of d?
2
Let j(n) = n**3 + 5*n**2 + 3*n - 1. Let z be j(-3). What is the units digit of z + (12 - 3)/(-3)?
5
Let h = -6 - -20. Let d be 2/(4/2) + 33. Let m = d - h. What is the units digit of m?
0
Let o(f) = 0*f - f**2 - f**2 + 5*f - f**3. Let u be o(-4). Let y = 17 - u. What is the units digit of y?
5
Let w = 45 + 2. What is the units digit of w?
7
What is the units digit of (1 - (-2 + 1))*4?
8
What is the units digit of (2/5*-1)/((-7)/1050)?
0
Let t = 6 - 4. Suppose -2*d - t*w + 3*w + 30 = 0, 3*d - 31 = -2*w. What is the tens digit of d?
1
Let a = 103 - 27. Let c = a - 52. What is the tens digit of c?
2
What is the tens digit of (-1)/(-3)*(-477)/(-3)?
5
What is the units digit of ((-2)/4)/(1/(-14))?
7
Suppose 0 = -5*x - 3*q - 80, x - 2*q - 23 = 2*x. Let v = -8 - x. Suppose -22 = -3*k + v. What is the units digit of k?
9
What is the tens digit of (-39 + -4)/((-3)/21)?
0
What is the tens digit of 2/6 - 1840/(-15)?
2
Let z = -1 + 5. Suppose z*y - k - 95 = -y, 4*y = 2*k + 70. What is the tens digit of y?
2
Let j(m) = -m**2 - 5*m + 3. Let k be j(-3). Let a be 79/(-9) + (-2)/k. What is the units digit of ((-2)/6)/1*a?
3
Suppose 24 = -2*r + 5*r. What is the units digit of r?
8
Let h(i) be the third derivative of -7*i**4/12 + 4*i**2. What is the units digit of h(-3)?
2
What is the units digit of (-3)/(-2)*28/6?
7
What is the tens digit of (-10536)/(-132) - 2/(-11)?
8
Suppose -2*d - 3*d = -5. Suppose 24 = 3*z + 3*x, 2*z = 4*x + d + 3. What is the units digit of z?
6
Suppose -5*m + 14 - 34 = 0, -4*i + m - 16 = 0. Let o = 1 - i. What is the units digit of 1 + o - (-1 - -1)?
7
Suppose 108 = -40*m + 44*m. What is the tens digit of m?
2
Let m(c) = c**2 + 7*c + 5. Let f be m(-3). What is the units digit of (-59)/f - 18/42?
8
Suppose -2*n = -3*n. Suppose -2*p + n*p - 10 = 0. What is the units digit of p/(15/(-6))*1?
2
Suppose -m + 4*x = -63, 5*m - x - 450 + 40 = 0. What is the tens digit of m?
8
Suppose 27 = 3*z - 5*y, 48 = 3*z - 3*y + 5*y. What is the units digit of z?
4
Let c be 21 - 15/(-5)*1. Suppose 0 = -2*h - 15 - 9. Let l = c + h. What is the tens digit of l?
1
Suppose 4*j + 2*x - 3*x - 37 = 0, 3*j - 5*x = 15. What is the units digit of j?
0
Let a be 1/((2 - 3)/1). Let v(z) = -z**2 + 7*z - 6. Let t be v(5). What is the units digit of -1 + (2*t - a)?
8
Let v(s) = s - 2. Let c be v(0). Let g = c + 4. Let t = g - -5. What is the units digit of t?
7
Let x be (-1)/3 - 284/12. What is the units digit of ((-4)/(-6))/((-1)/x)?
6
Suppose 3*d - 116 = -d. What is the tens digit of d?
2
Suppose -8 = -3*j - j. What is the units digit of (-2)/((-10)/4 + j)?
4
Let h = 4 + -2. Suppose h = -2*p + 5*t, -2*p + 16 = -3*p - 5*t. What is the units digit of 1*(-2)/3*p?
4
Suppose 3*g = 19 - 16. What is the units digit of g?
1
Let d be ((-5)/3 + 1)*12. What is the units digit of 35/4 - 2/d?
9
Suppose -i + 4*j + 2 - 10 = 0, -i - 5*j = -19. What is the units digit of i?
4
Let o be (-1 - (-3)/5)*-10. Let w = 9 - o. What is the units digit of w?
5
Let l be (2/1)/(-2)*-1. Suppose c - l - 2 = 0. What is the units digit of c?
3
Let q(c) = -7*c - 2. Let w be q(-2). Suppose -4*y - k + 92 = w, 3*y - 5*k = 37. What is the units digit of y?
9
Let x be ((-12)/(-18))/((-2)/33).